he prime factors of 73498?
2, 36749
List the prime factors of 162344.
2, 7, 13, 223
What are the prime factors of 215?
5, 43
List the prime factors of 936.
2, 3, 13
What are the prime factors of 6073?
6073
List the prime factors of 348.
2, 3, 29
List the prime factors of 754.
2, 13, 29
List the prime factors of 9745.
5, 1949
What are the prime factors of 694?
2, 347
List the prime factors of 135.
3, 5
What are the prime factors of 4705?
5, 941
List the prime factors of 77360.
2, 5, 967
List the prime factors of 33511.
23, 31, 47
List the prime factors of 15217.
15217
What are the prime factors of 442?
2, 13, 17
List the prime factors of 2680.
2, 5, 67
List the prime factors of 2657.
2657
What are the prime factors of 1043?
7, 149
List the prime factors of 147.
3, 7
What are the prime factors of 1707?
3, 569
What are the prime factors of 9091?
9091
List the prime factors of 244.
2, 61
What are the prime factors of 5475?
3, 5, 73
What are the prime factors of 4248?
2, 3, 59
List the prime factors of 6068.
2, 37, 41
What are the prime factors of 5863?
11, 13, 41
List the prime factors of 4345.
5, 11, 79
List the prime factors of 1668.
2, 3, 139
What are the prime factors of 68192?
2, 2131
List the prime factors of 50.
2, 5
List the prime factors of 2623.
43, 61
List the prime factors of 14519.
14519
List the prime factors of 60945.
3, 5, 17, 239
What are the prime factors of 6912?
2, 3
List the prime factors of 288.
2, 3
What are the prime factors of 12569?
12569
List the prime factors of 439.
439
List the prime factors of 24197.
24197
List the prime factors of 70972.
2, 11, 1613
What are the prime factors of 2401?
7
List the prime factors of 4617.
3, 19
List the prime factors of 60575.
5, 2423
What are the prime factors of 6637?
6637
List the prime factors of 24045.
3, 5, 7, 229
List the prime factors of 53388.
2, 3, 1483
What are the prime factors of 2282?
2, 7, 163
What are the prime factors of 653?
653
What are the prime factors of 679?
7, 97
List the prime factors of 1057.
7, 151
List the prime factors of 1158.
2, 3, 193
What are the prime factors of 1538?
2, 769
List the prime factors of 15127.
7, 2161
What are the prime factors of 18826?
2, 9413
What are the prime factors of 56644?
2, 7, 17
What are the prime factors of 22991?
83, 277
List the prime factors of 1949.
1949
What are the prime factors of 128350?
2, 5, 17, 151
What are the prime factors of 975?
3, 5, 13
What are the prime factors of 2923?
37, 79
What are the prime factors of 27845?
5, 5569
List the prime factors of 352.
2, 11
List the prime factors of 702.
2, 3, 13
List the prime factors of 53016.
2, 3, 47
What are the prime factors of 676?
2, 13
List the prime factors of 28933.
28933
List the prime factors of 26609.
11, 41, 59
List the prime factors of 4223.
41, 103
List the prime factors of 3006.
2, 3, 167
List the prime factors of 1538.
2, 769
What are the prime factors of 100101?
3, 61, 547
What are the prime factors of 35290?
2, 5, 3529
List the prime factors of 11746.
2, 7, 839
What are the prime factors of 17267?
31, 557
List the prime factors of 774.
2, 3, 43
List the prime factors of 4216.
2, 17, 31
List the prime factors of 2980.
2, 5, 149
What are the prime factors of 2817?
3, 313
What are the prime factors of 4227?
3, 1409
What are the prime factors of 92572?
2, 23143
List the prime factors of 59580.
2, 3, 5, 331
List the prime factors of 2128.
2, 7, 19
List the prime factors of 8424.
2, 3, 13
What are the prime factors of 26704?
2, 1669
What are the prime factors of 8678?
2, 4339
List the prime factors of 11774.
2, 7, 29
List the prime factors of 105559.
283, 373
List the prime factors of 2148.
2, 3, 179
List the prime factors of 79946.
2, 71, 563
List the prime factors of 5302.
2, 11, 241
What are the prime factors of 23?
23
List the prime factors of 34146.
2, 3, 7, 271
List the prime factors of 118961.
337, 353
What are the prime factors of 1322?
2, 661
What are the prime factors of 2248?
2, 281
List the prime factors of 6869.
6869
What are the prime factors of 30551?
137, 223
List the prime factors of 18857.
109, 173
What are the prime factors of 752?
2, 47
List the prime factors of 673.
673
What are the prime factors of 418?
2, 11, 19
What are the prime factors of 9201?
3, 3067
List the prime factors of 109266.
2, 3, 18211
List the prime factors of 2714.
2, 23, 59
List the prime factors of 10850.
2, 5, 7, 31
List the prime factors of 5265.
3, 5, 13
List the prime factors of 10076.
2, 11, 229
List the prime factors of 1317.
3, 439
List the prime factors of 22786.
2, 11393
List the prime factors of 2061.
3, 229
List the prime factors of 47274.
2, 3, 7879
What are the prime factors of 3566?
2, 1783
List the prime factors of 30527.
7, 89
What are the prime factors of 168?
2, 3, 7
What are the prime factors of 7462?
2, 7, 13, 41
What are the prime factors of 8626?
2, 19, 227
What are the prime factors of 61796?
2, 7, 2207
What are the prime factors of 16321?
19, 859
What are the prime factors of 24465?
3, 5, 7, 233
List the prime factors of 336.
2, 3, 7
List the prime factors of 79375.
5, 127
What are the prime factors of 1702?
2, 23, 37
What are the prime factors of 37617?
3, 12539
What are the prime factors of 13106?
2, 6553
What are the prime factors of 6450?
2, 3, 5, 43
List the prime factors of 6975.
3, 5, 31
List the prime factors of 128384.
2, 17, 59
What are the prime factors of 2575?
5, 103
List the prime factors of 8490.
2, 3, 5, 283
What are the prime factors of 4452?
2, 3, 7, 53
What are the prime factors of 219?
3, 73
What are the prime factors of 7487?
7487
What are the prime factors of 84?
2, 3, 7
What are the prime factors of 39291?
3, 7, 1871
List the prime factors of 30019.
11, 2729
What are the prime factors of 7373?
73, 101
List the prime factors of 2543.
2543
What are the prime factors of 4534?
2, 2267
List the prime factors of 14834.
2, 7417
What are the prime factors of 984?
2, 3, 41
List the prime factors of 1229.
1229
List the prime factors of 413.
7, 59
List the prime factors of 42286.
2, 21143
List the prime factors of 153064.
2, 19, 53
What are the prime factors of 1404?
2, 3, 13
What are the prime factors of 13474?
2, 6737
What are the prime factors of 78827?
7, 11261
List the prime factors of 1274.
2, 7, 13
List the prime factors of 2100.
2, 3, 5, 7
List the prime factors of 16376.
2, 23, 89
What are the prime factors of 10376?
2, 1297
What are the prime factors of 14694?
2, 3, 31, 79
What are the prime factors of 3298?
2, 17, 97
What are the prime factors of 39922?
2, 19961
List the prime factors of 16500.
2, 3, 5, 11
What are the prime factors of 1281?
3, 7, 61
What are the prime factors of 1795?
5, 359
What are the prime factors of 45?
3, 5
List the prime factors of 701.
701
List the prime factors of 372.
2, 3, 31
List the prime factors of 1422.
2, 3, 79
What are the prime factors of 234?
2, 3, 13
List the prime factors of 43668.
2, 3, 1213
What are the prime factors of 842?
2, 421
What are the prime factors of 39780?
2, 3, 5, 13, 17
List the prime factors of 184689.
3, 20521
List the prime factors of 63542.
2, 31771
What are the prime factors of 2184?
2, 3, 7, 13
What are the prime factors of 389?
389
What are the prime factors of 3318?
2, 3, 7, 79
List the prime factors of 657.
3, 73
List the prime factors of 845.
5, 13
List the prime factors of 11441.
17, 673
List the prime factors of 2576.
2, 7, 23
List the prime factors of 24982.
2, 12491
What are the prime factors of 13165?
5, 2633
List the prime factors of 13012.
2, 3253
What are the prime factors of 19?
19
List the prime factors of 10805.
5, 2161
What are the prime factors of 4677?
3, 1559
What are the prime factors of 6572?
2, 31, 53
What are the prime factors of 7626?
2, 3, 31, 41
What are the prime factors of 9549?
3, 1061
List the prime factors of 3171.
3, 7, 151
List the prime factors of 24078.
2, 3, 4013
What are the prime factors of 33289?
33289
What are the prime factors of 9176?
2, 31, 37
List the prime factors of 46203.
3, 15401
What are the prime factors of 3227?
7, 461
What are the prime factors of 931?
7, 19
List the prime factors of 19090.
2, 5, 23, 83
List the prime factors of 173743.
173743
What are the prime factors of 5328?
2, 3, 37
What are the prime f